Let c be 225/21 - -3*6/63. Let j be t(c). Calculate the highest common factor of j and 39.
13
Suppose 441 = -20*m + 23*m. Calculate the greatest common divisor of m and 343.
49
Let i(d) = -d**3 - d**2 - 2*d - 5. Let b be i(-3). Let q(u) = -u**3 - 3*u**2 + 13. Let l be q(-7). What is the greatest common factor of b and l?
19
Suppose -4*n = -5*w + n + 610, 2*w - 4*n = 238. Suppose 0 = -5*a - 2*i + 209 + 39, i + 51 = a. What is the highest common divisor of a and w?
25
Suppose 0 = u - 2*u + 6. Let n be (5 - (5 + -2)) + -34. Let y be (78/(-8))/(u/n). What is the greatest common factor of 13 and y?
13
Suppose -34056 = -78*d + 66*d. Calculate the highest common divisor of 43 and d.
43
Let q = 61 + 60. What is the highest common divisor of 33 and q?
11
Suppose -2*m + 72 = 5*n, 0 = m - n - 29 - 7. Let v = 49 + -25. What is the greatest common factor of v and m?
12
Let i be 1 + -2 + 12/2. Let k(p) = -3*p**3 + 28 - 3*p**3 - 10*p**2 - 2*p - 43 + 5*p**3. Let v be k(-10). What is the greatest common divisor of v and i?
5
Let f(g) be the second derivative of 0 + 1/20*g**5 - g**3 + 1/3*g**4 + 5/2*g**2 + 3*g. Let k be f(-5). Calculate the greatest common factor of k and 4.
2
Suppose -58*t = -2376 - 11834. What is the greatest common divisor of t and 35?
35
Suppose g = -5*g + 462. Let i be g + (4 - 3 - -2). Calculate the highest common factor of 10 and i.
10
Suppose -2*z - 3*z + 4*o + 137 = 0, -5*o = 3*z - 60. Let i(h) = 53*h - 96. Let a be i(2). What is the greatest common factor of z and a?
5
Let q(c) = -19*c + 124. Let f be q(5). What is the highest common divisor of f and 464?
29
Let y be (14/3)/7*3. Suppose 5*p = 3*r + 13, y*r + 0*r + 2*p + 30 = 0. Let g = r + 17. Calculate the greatest common divisor of g and 6.
6
Suppose -b = -3*b + 6. Suppose -b*a - 28 = -4*a. Suppose 5*k - 39 = g, -2*k - 3*g + 2 + 0 = 0. Calculate the highest common factor of a and k.
7
Suppose -12*h - 130 = -17*h. Let q be 33 - 0 - (h - 21). Calculate the highest common divisor of q and 126.
14
Let l(z) = z**2 + 13*z + 11. Let w be (-493)/34 - (-1)/2. Let a be l(w). What is the greatest common factor of 5 and a?
5
Suppose 0 = 6*p - 3*p - 12. Suppose -d + 4 = 2*g, -g + 2 = 3. Let i(n) = 6*n. Let b be i(d). Calculate the greatest common factor of b and p.
4
Let q(p) = -12*p + 16. Let b be q(-15). Calculate the greatest common divisor of 140 and b.
28
Suppose 8 = -4*j, 8*c - 7*c - 5*j = 26. Calculate the highest common factor of c and 40.
8
Let p be -1*(1 + -118 + 3). What is the greatest common divisor of 304 and p?
38
Let m(r) = r. Let n(s) = 2*s. Let y(d) = -3*m(d) + n(d). Let q be y(-6). Suppose -2*c - 76 = -q*c. What is the greatest common factor of 57 and c?
19
Let h(z) = -4*z + 4*z + 37*z**3 - 143*z**2 + 142*z**2. Suppose 0 = -w + 4 - 3. Let v be h(w). Calculate the highest common divisor of 24 and v.
12
Let z = 949 + -572. Calculate the highest common factor of 13 and z.
13
Let u(j) = j**3 + 9*j**2 - j - 9. Let s be u(-9). Suppose s = g + 4*g + 15. Let b be g + 1 + 2 + 56. What is the greatest common divisor of 14 and b?
14
Let m = 86 + -77. Suppose m*q + 14 - 158 = 0. What is the greatest common divisor of 48 and q?
16
Suppose -1034 = -17*v + 751. Calculate the highest common divisor of v and 405.
15
Let h be (1 - 1)/(9 - 6). Let x = h + 70. Suppose 0 = 3*f - d - 24, 0*f + 3*d = 5*f - 44. What is the highest common factor of x and f?
7
Let d(u) = 1 + 4 - 3*u**2 - 4*u**3 + 4*u + 1. Let i be d(-4). Calculate the highest common factor of i and 18.
18
Let s(w) = -2*w + 6. Let y be s(-6). Let n(h) = h**3 + 18*h**2 - 2*h. Suppose g = 4*g + 54. Let i be n(g). What is the highest common divisor of i and y?
18
Suppose 2*q = -2*f + 4, -5*f + 3*f = -4*q - 22. Suppose 0 = 5*g + s - f*s - 437, 2*s + 261 = 3*g. Calculate the greatest common factor of g and 34.
17
Let m(u) = -2*u**3 - 8 + 9*u**2 + u**3 + 313*u - 316*u. Let p = -4 + 9. Let t be m(p). What is the highest common factor of 11 and t?
11
Let r be (-1)/(-1) - (-13 - -15). Let l be (5 - 4/(-1))*(r + 2). Calculate the greatest common factor of l and 99.
9
Suppose 11 = w + 5. Let n be 35/(w/3 + -1). What is the highest common factor of 21 and n?
7
Let n be (6/12)/((-2)/(-28)). Let q be (0 + 4)*(n - 4). What is the highest common factor of 12 and q?
12
Suppose -3*i - 3*m = -4786 + 1852, -3*m - 4874 = -5*i. Calculate the greatest common factor of 16 and i.
16
Let v be 4 - 1 - (2 + -197 - 12). What is the highest common factor of 735 and v?
105
Suppose 4*o + 7*k - 1024 = 11*k, -4*o - 4*k = -1000. Calculate the highest common factor of 207 and o.
23
Let h(u) be the first derivative of u**4/4 + 2*u**3/3 - 2*u**2 - 11*u - 10. Let p be h(6). What is the highest common factor of 23 and p?
23
Let r be 6 + -2 - 29*-1. Suppose 4*z - 1101 - 352 = k, 0 = -2*z - k + 725. What is the highest common factor of z and r?
33
Let v = 528 - 114. What is the highest common factor of v and 46?
46
Let x(g) = -9*g - 134. Let k be x(-19). Calculate the greatest common factor of 37 and k.
37
Let j = -67 + 61. Let x be j*7/70 + (-588)/(-5). Calculate the greatest common factor of 9 and x.
9
Let v(f) = -f**3 + 10*f**2 + 5*f - 32. Let z be v(10). What is the highest common divisor of z and 153?
9
Let n = -21 - 11. Let a = n - -53. Calculate the greatest common divisor of 7 and a.
7
Let t(f) = -31*f + 2. Let c be t(-3). Let b be (2 - 4)*(-11 - (-3)/2). What is the greatest common factor of b and c?
19
Let s be (2/((-8)/(-27)))/((-1527)/(-14252)). Calculate the greatest common divisor of s and 36.
9
Suppose 2*i - 8 + 0 = 0, 4*i = -4*d + 1000. What is the greatest common factor of d and 6?
6
Let n(q) = -25*q + 55. Let l be n(-6). What is the greatest common factor of 5 and l?
5
Let s(i) = 7*i - 3. Let f be s(5). Suppose -3*t = 15 - 63. Let r be 32*-1*(-24)/t. What is the greatest common divisor of f and r?
16
Suppose 0 = -2*k - v + 1, -5*k + 5*v + 11 = -14. Suppose 0 = -5*q + 2*q + 4*m + 184, 0 = -4*q - k*m + 238. What is the greatest common divisor of 30 and q?
30
Let r be (0 + -76)/((143/(-52))/11). What is the highest common divisor of 19 and r?
19
Let g = 322 + 290. What is the highest common factor of 36 and g?
36
Suppose 0 = -5*c - m + 1652, 4*c - 996 = c - 3*m. Suppose 25 = b - 5*x, -118 = -4*b - 45*x + 47*x. Calculate the highest common factor of c and b.
30
Suppose -1 - 65 = 3*x. Let g be (165/x)/((1 - 2)/6). Calculate the greatest common divisor of 15 and g.
15
Let a be 22*12 - 4/(-16)*0. What is the highest common factor of 12 and a?
12
Let o(d) = -d - 3. Let w be o(-5). Suppose -w*q = -234 - 14. Calculate the highest common divisor of q and 31.
31
Let s = 1095 + -875. What is the greatest common factor of 77 and s?
11
Let u be -2 + (1 - 0) + 13. Let a(x) = x**3 - 11*x**2 - 11*x - 9. Let j be a(12). Let p be (-3 + j - -59) + 1. Calculate the highest common divisor of u and p.
12
Let q = 14 + -2. Suppose 185 = 3*o + 5*m, -2*o - 5*m + 245 = 2*o. What is the highest common factor of q and o?
12
Let z = -425 + 561. Calculate the greatest common divisor of z and 34.
34
Suppose -2*o + 1688 + 256 = 0. What is the greatest common factor of 36 and o?
36
Suppose -4*f - a = -0*a + 581, 0 = -5*f - 4*a - 740. Let n = 389 + f. Calculate the greatest common divisor of 49 and n.
49
Let b(r) = -r**2 - 6*r + 19 + 4 - 4 - 11*r. Let s be b(-17). What is the greatest common divisor of s and 38?
19
Suppose -3*c + 10 = 2*c. Suppose x - c*x + 5 = 0. Suppose -x*d + h + 46 = 0, -4*h = -3*h - 4. What is the greatest common divisor of d and 110?
10
Suppose -3*n + 5*l = -25, -4*n = -0*l - l - 22. Calculate the greatest common factor of n and 20.
5
Let j = 1678 - 1150. What is the highest common divisor of 48 and j?
48
Let g be (0 + 3)/(3/66). Let z be (-1)/((-21)/6) - 7260/77. Let y = z - -105. Calculate the greatest common divisor of y and g.
11
Suppose 0 = 4*m + 3*b - 15, 2*b = 2*m + 11 - 1. Suppose m*o + o = 250. Suppose 0*z = 5*z - o. Calculate the highest common divisor of 125 and z.
25
Suppose 42 = 3*q - 0*q. Suppose -3*u - 20 = -5*s + 272, -5*u + 36 = s. What is the highest common factor of q and s?
14
Let y be ((-378)/(-4))/(-1)*108/(-63). What is the highest common divisor of 54 and y?
54
Let h be 1/(((-2)/(-2))/(-2)). Let i be 2 + -1 + (-196)/h. Suppose -38*j + 31*j + 77 